 52. Let d(b) = 9*b**2 + 3*b - 10. Let c(m) = 11*d(m) + 2*s(m). Determine c(2).
-8
Suppose -25*t + 38 + 112 = 0. Suppose t = -20*o - 14. Let a(n) = 2*n - 1 + n + 0. Give a(o).
-4
Let v(w) be the third derivative of w**4/12 - w**3 - w**2 + 46. Let x be ((-24)/28)/((-1)/7). Calculate v(x).
6
Let n(k) = 5*k**3 + 80*k**2 + 2*k - 7. Let o(g) = -2*g**3 - 31*g**2 - g + 2. Let a(s) = -3*n(s) - 8*o(s). What is a(-8)?
-11
Let b(w) = 3*w**3 - 74*w**2 - 28*w + 72. Let s be b(25). Let y(c) = c**3 + 5*c**2 + 3. Calculate y(s).
21
Suppose 4*o - 28 = z, -z = 2*z + 2*o. Let g(b) = b**3 + 4*b**2 - 3*b - 7. What is g(z)?
5
Let t(d) = -37*d**2 - 34*d - 212. Let u(s) = 21*s**2 + 17*s + 116. Let h(m) = -4*t(m) - 7*u(m). Let b = 11 - 26. Calculate h(b).
6
Suppose 0 = u + 7. Let k(i) = -i**2 + i + 1. Let n(h) = -7*h**2 - 3*h - 2. Let g be 2 + 1 + -1 + 4. Let v(t) = g*k(t) - n(t). Determine v(u).
-6
Let m be 2/(-7) - (-10)/35. Let f be 8*((-3)/6 + m). Let x(q) be the first derivative of -q**3/3 - q**2 + 4*q + 14. Determine x(f).
-4
Let q(d) = -d**2 - 4*d + 11 - 3 + 2*d. Let p be ((-287)/82)/1 - 5/(-10). Calculate q(p).
5
Let r be 0*((-30)/20 - -1). Let i(z) = -z**2 - 2*z + 2. Give i(r).
2
Let p(a) = a**3 + 3*a**2 + a - 4. Let h = -15947 - -15944. What is p(h)?
-7
Let p(h) be the second derivative of 41*h**3/6 - 4*h**2 - 9545*h. What is p(-1)?
-49
Suppose -22*h = -17*h + 195. Let c = h + 78. Suppose -13*w - 65 - c = 0. Let o(b) = -b**2 - 8*b + 6. Calculate o(w).
6
Let m(w) = -33*w - 4. Let a be m(0). Let n(u) = 6*u**2 - 15*u**3 + 6*u + 10*u**3 + 5*u**3 - 3*u + 1 + u**3. What is n(a)?
21
Suppose -4*r + 2*h + 11 = -5, -5*r + 20 = -4*h. Let i be ((0 - 0)/(-4))/3. Suppose -z + r - 6 = i. Let o(g) = -2*g + 1. Determine o(z).
5
Let r(i) = -i**3 + 46*i**2 - 39*i - 261. Let d be r(45). Let g(w) = -2*w**2 + 21*w - 17. Calculate g(d).
10
Let g(d) = 8 + 7*d - 47 + 3 - 53. Let h be g(12). Let c(i) = -i**3 - 4*i**2 + 6*i - 5. Determine c(h).
-10
Let z = 33 - 33. Let x(y) = y**3 - 1 - 1298*y + 1297*y - 4. Give x(z).
-5
Let c(x) = -173*x + 159*x + 0 + 15 - 22 + x**2. Calculate c(14).
-7
Suppose -42 + 6 = -6*q. Suppose -12 = -2*k + v, 0 = -4*k + q*v - v + 36. Let c(r) = 3 + 4 + 3*r - k*r + 5. Calculate c(7).
5
Let x(c) = -5*c + 23. Let h(t) = -11*t + 52. Let g(s) = 6*h(s) - 14*x(s). Give g(2).
-2
Suppose -c + 3 = 1. Suppose -c*m = 5 + 13. Let t(f) be the third derivative of -f**4/24 - 7*f**3/6 + 7*f**2 + 28. Give t(m).
2
Let a(j) be the first derivative of -j**4/2 + 7*j**3/3 + 29*j**2/2 + 4*j - 956. Give a(6).
-2
Let p(i) = i**3 + 134*i**2 - 846*i + 30. Let w be p(6). Let x(y) = 3 + 6 - 3 + 5*y + 5. What is x(w)?
-19
Let g(n) = 9*n**3 + 2*n**2 - 1. Let z = -1771 - -1766. Suppose 10 = -3*h - 2*h. Let a be 6 + h - (z - -10). Give g(a).
-8
Let t(p) = -p**3 + 24*p**2 + 2*p - 47. Let f be -3*16/(-6)*3. Let w be t(f). Let y(x) = 23*x**2 - x. Determine y(w).
22
Suppose 75 = 6*m - m. Let q = 1799 + -1782. Let t(v) = -m*v**2 - q*v**2 + v + 52*v**2 - 19*v**2 + 6. Determine t(0).
6
Let c(g) = g**3 - g**2 + 6. Let n be c(0). Let v be 6/(-9) + (-235)/(-15). Suppose 0 = n*k + 21 + v. Let r(m) = m - 3. Calculate r(k).
-9
Suppose 2*x = r - 17, -81 - 15 = -4*r + 12*x. Let b(m) = -2 + m**3 - 6*m**2 + 3*m**2 - 2*m**2 + 7*m + m**2. Calculate b(r).
10
Suppose -408*f = -410*f. Suppose -5*h - 25 = f, -r + 2*h + 7 = -0*h. Let o(q) = -3*q + 3. Give o(r).
12
Let t(l) = l - 5*l - l**3 + 2*l**2 - l**2. Let w = 78505 - 78502. What is t(w)?
-30
Let h(q) = -2*q + 1. Suppose 3*b = -5*r + 179, 90*b + 110 = 92*b + r. Let u(s) = -56*s**2 + s. Let o be u(-1). Let a = b + o. Calculate h(a).
9
Let h(z) = -2*z**3 - 10*z**2 + 3*z. Let o(i) = 5*i**3 + 29*i**2 - 10*i + 2. Let k be 4/(3 - (-30)/(-12)). Let u(r) = k*h(r) + 3*o(r). Give u(6).
6
Let h(u) = 1853552 + 2*u**2 - 1853553 + 3*u + 0*u + u. Let o be ((-6)/(-1)*-1)/2. Calculate h(o).
5
Let n(f) be the second derivative of -f**4/12 - 14*f**3/3 - 60*f**2 - 592*f. Calculate n(-5).
-5
Let n(l) be the third derivative of 23*l**4/8 - 45*l**3/2 - 4065*l**2 - 2*l. Give n(2).
3
Let n(l) = 2*l**3 - 21*l**2 + 9*l + 10. Let v = -8743 - -8753. Determine n(v).
0
Let m(w) be the first derivative of 5*w**3/3 + 37*w**2/2 + 8*w - 5589. What is m(-7)?
-6
Let p(x) = 4 - 491*x - 492*x + 1479*x - 495*x. Calculate p(-2).
2
Let k(z) = -z**3 + 7*z**2 - 3*z - 9. Suppose -7*d + 112 + 168 = 0. Let o be (d/(-24))/((-25)/90). Calculate k(o).
9
Suppose -18 + 92 = 2*f. Suppose 0 = 5*k - f + 12. Suppose r + 3 = 0, k*w - 2*w = 5*r + 27. Let u(c) = c**2 - 3*c - 5. Determine u(w).
-1
Suppose 147*f - 142*f + 11 = 4*s, 0 = 3*s - 2*f - 3. Let i(y) = 3*y**3 + y**2 + 23*y + 21. Give i(s).
-4
Let j(h) = 9*h - 2. Let f(t) = 8*t + 13. Let c(a) = -15*a - 24. Let p(z) = -6*c(z) - 11*f(z). Let g(x) = j(x) - 4*p(x). Determine g(3).
-3
Let i(d) be the first derivative of -3*d - 19 + 3/2*d**2. Let t(x) = x**2 + 5*x + 3. Let b be t(-5). Determine i(b).
6
Suppose -2041 + 2249 = 13*d. Let c(h) = -h**2 + 13*h + 22. Determine c(d).
-26
Let r be ((-6)/(-4))/((-21)/(-28)). Suppose -f = 2 + r. Let y(l) be the first derivative of -l**4/4 - l**3 + 3*l**2 + l + 883. Determine y(f).
-7
Let z(r) = -r**2 + 10*r - 12. Let j(k) = 4*k**2 - 8*k + 4. Let o be j(3). Suppose -o*i = -13*i - 27. Determine z(i).
-3
Let z(k) = 21*k + 59. Let l be 15/(-6)*52/65 - 1. Give z(l).
-4
Suppose 0 = 3*m - 0*m - 9. Let d(k) be the first derivative of -4*k + 1/3*k**3 + 55 + 0*k**2. Determine d(m).
5
Let r(o) be the third derivative of -o**4/2 - 22*o**3/3 - 201*o**2 + 2. What is r(-3)?
-8
Let n(a) = 18 + 530902*a - 530919*a - 26. Calculate n(-2).
26
Let x(i) be the second derivative of -i**5/20 + i**4 + 2*i**3 + 5*i**2 + 3734*i. What is x(13)?
-3
Let w = 4583 + -4585. Let y(b) = -26*b - 1. What is y(w)?
51
Let x(c) = 22*c + 179. Let u(s) = 3*s**3 + s**2 + 64*s - 8. Let b be u(0). Give x(b).
3
Suppose z + 6*z = 21. Let v(x) = 632 + 2*x + 0*x**2 - 635 + 0*x**2 - z*x**2. What is v(-3)?
-36
Let h(q) = -7*q + 123. Let a(v) = -17*v + 300. Let c(r) = 5*a(r) - 12*h(r). What is c(0)?
24
Suppose -5*s - 2*y = -50, 56*y + 7 = s + 57*y. Let k(v) = -6*v + 67. Determine k(s).
-5
Let o(d) = 2*d**2 + 2*d - 5. Let y(h) = 13*h**2 + 14*h - 31. Let a(t) = -25*o(t) + 4*y(t). What is a(0)?
1
Let m = -3821 + 3815. Let p(b) = -b**3 - 7*b**2 - 2*b - 9. Determine p(m).
-33
Suppose 24*a - 25*a + 1043 = 0. Let o(p) = 517*p**2 - a*p**2 + 518*p**2 - 3*p. Calculate o(-2).
-26
Let r(z) be the third derivative of z**4/8 + 3*z**3/2 - 72*z**2. Let h be r(-5). Let n(m) = 3*m + 12. Determine n(h).
-6
Let m(q) = 3*q**3 - 13*q + 253*q**2 - 2*q**3 - 16 - 243*q**2. Let r(j) = 9*j - 65. Let f be r(6). Determine m(f).
6
Let k(c) = 4*c**2 + 24*c - 3. Let m be k(-12). Let w = 282 - m. Let l(s) be the second derivative of s**5/20 + s**4/6 - s**3/3 - 2*s. Give l(w).
-3
Let x(z) = 5 - 3*z**3 + 8*z**2 + 4*z**3 - 3 + z. Let m = -389 + 405. Suppose -m = 5*b + 24. Determine x(b).
-6
Suppose -25*a - 276 = -2*a. Let w = a + 9. Let v(g) = 5*g. Calculate v(w).
-15
Let u(x) be the first derivative of 7*x**2/2 - 23*x + 51. Let r be u(3). Let o(i) be the third derivative of i**5/10 - i**3/3 - 3*i**2. Give o(r).
22
Let f(h) = -5*h - 3. Let j(y) = -y - 1. Let v(d) = f(d) - 2*j(d). What is v(-3)?
8
Let b be (13706/858 + -16)*-78. Suppose -5*n - 3*u + 2 = -0*u, 0 = -n - 3*u - 2. Let i(q) = n - 3*q**2 + 3*q + 2 - 1 - 3. Give i(b).
-7
Let q(w) be the second derivative of w**2 + 1/6*w**3 + 0 + 134*w. Let j = 0 + 5. Calculate q(j).
7
Let c(z) = z**2 - 3*z - 17. Let u be (32 + -6)/(9/((-54)/(-12))). Calculate c(u).
113
Let j(d) = 2*d + 23. Let t be 56/32 + 117/(-12). Let k(r) = -r - 7. Let a(l) = t*k(l) - 3*j(l). Determine a(6).
-1
Let z(q) = -80458 + 40219 - q + 40227. Calculate z(10).
-22
Suppose 4*x = 2*b + 32, -4*b + 5*x = -b + 44. Let o(f) = f**2 + 9*f + 10. Let n be o(b). Suppose 1 = l - n*l. Let r(h) = -11*h**3 - h**2 - h - 1. Give r(l).
10
Let c be (-4)/6 + (-14)/(-3). Let a(b) = -4*b + c*b + b - 12. Suppose 0 = 11425*v - 11367*v - 406. Determine a(v).
-5
Let v(d) = d**3 + 11 - 9*d - 3*d - 3 + 0 - 4*d**2 - 13. Determine v(6).
-5
Let d(n) = 18*n - 2*n**3 + n**3 - 187176 + 187185 - 7*n**2. Give d(-9).
9
Let n be -1 - 3/(12/(-4)). Suppose 0 = d - 2*b + 10, b = 5*d - n*b + 68. Let s = d + 14. Let u(k) = k**3 + k - 1